y**2 - 22. Calculate r(0).
-22
Let g(p) = -p**2 + 15*p + 18. Give g(15).
18
Let a(k) = -3*k + 9. Determine a(-6).
27
Let f(g) = g**3 + 10*g**2 + 8*g - 16. What is f(-9)?
-7
Let f(b) = -b**3 - 7*b**2 + 7*b + 1. Determine f(-8).
9
Let p(r) = -r**2 + 13*r + 26. Determine p(15).
-4
Let t(s) = s**3 + 20*s**2 + 20*s + 4. Calculate t(-19).
-15
Let y(l) = -l**2 + 8*l - 14. Determine y(6).
-2
Let s(q) = 2*q + 12. Calculate s(9).
30
Let a(x) = x - 11. Give a(3).
-8
Let i(y) = 13*y**3 + y**2 - 2*y + 2. Determine i(1).
14
Let m(t) = -t**3 - 6*t**2 - 3*t - 2. Give m(-7).
68
Let n(x) = -x**3 + 5*x**2 - 6*x - 1. What is n(3)?
-1
Let b(p) = p**3 + 4*p**2 - 31*p + 4. What is b(-8)?
-4
Let u(c) = c**2 + 13*c + 13. Give u(-12).
1
Let p(b) = 52*b + 2652. Calculate p(-51).
0
Let x(u) = -23*u - 2. Determine x(2).
-48
Let r(n) = -6*n - 1. What is r(1)?
-7
Let s(u) = -u**3 + 17*u**2 - 14*u - 33. Calculate s(16).
-1
Let v(o) = 2*o**2 + 9*o - 13. Calculate v(2).
13
Let l(n) = -n - 7. What is l(-10)?
3
Let d(p) = p**3 - 2*p**2 - 7*p + 6. What is d(4)?
10
Let h(o) = -o**3 + 7*o**2 - 5*o + 7. Calculate h(5).
32
Let z(m) = m**2 + 8*m + 15. Give z(-11).
48
Let r(a) = -a**2 - 5*a + 4. Determine r(-5).
4
Let r(x) = 47*x + 7. Determine r(-2).
-87
Let r(k) = -k - 17. What is r(18)?
-35
Let q(u) = -4*u - 22. Calculate q(-8).
10
Let y(n) = -n**3 + 9*n**2 - 12. Determine y(9).
-12
Let j(u) = -u**3 - 8*u**2 - 5*u + 14. Determine j(-7).
0
Let r(h) = 37*h + 4. What is r(2)?
78
Let l(z) = -3*z + 5. Calculate l(0).
5
Let i(w) = -w**3 - 8*w**2 - 9*w + 14. Calculate i(-6).
-4
Let u(r) = r**3 + 4*r**2 - 4*r + 1. Determine u(-5).
-4
Let q(p) = -p**3 - 19*p**2 + 20*p + 15. Calculate q(-20).
15
Let c(k) = k**2 + 19*k + 70. Determine c(-13).
-8
Let l(i) = -10*i + 63. Give l(7).
-7
Let l(a) = a - 16. What is l(-7)?
-23
Let u(z) = z**2 - z - 16. Calculate u(0).
-16
Let p(b) = 6*b**2 - 16*b + 2. Calculate p(2).
-6
Let i(o) = 10*o + 46. What is i(-6)?
-14
Let s(z) = 7*z + 5. Calculate s(1).
12
Let a(c) = -2*c**2 - 70*c - 62. Calculate a(-34).
6
Let n(r) = -2*r**2 - 116*r - 228. Give n(-56).
-4
Let q(s) = s**3 - 16*s**2 + 19*s - 47. Give q(15).
13
Let a(l) = 8*l. Give a(-1).
-8
Let i(j) = -3*j**2 - 9*j - 6. What is i(-3)?
-6
Let r(v) = -v**2 - 23*v - 72. Determine r(-19).
4
Let d(u) = -17*u - 90. What is d(-5)?
-5
Let q(z) = -z**2 - z - 7. Give q(3).
-19
Let a(i) = i**3 + 5*i**2 - 9*i - 15. Determine a(-6).
3
Let k(j) = j**3 + 17*j**2 - 4*j - 24. Determine k(-17).
44
Let o(n) = -40*n + 5. What is o(1)?
-35
Let a(x) = x**3 - 11*x**2 + 5*x + 11. What is a(10)?
-39
Let c(u) = 6*u - 14. Calculate c(10).
46
Let l(h) = h**2 + 4*h - 27. Determine l(-8).
5
Let j(r) = r**3 + 6*r**2 - 8*r + 7. Give j(-7).
14
Let t(f) = f**2 + 13*f - 12. What is t(-15)?
18
Let n(i) = -i**3 + 8*i**2 + 8*i - 11. What is n(8)?
53
Let i(p) = -p**3 - 24. Give i(0).
-24
Let y(k) = -k**3 - 14*k**2 - 14*k - 17. Calculate y(-13).
-4
Let m(v) = v**3 + v**2 - 6*v - 14. Calculate m(-2).
-6
Let a(s) = s**2 - s - 24. Calculate a(0).
-24
Let s(f) = -2*f + 21. Determine s(12).
-3
Let z(h) = -24*h - 357. What is z(-15)?
3
Let d(f) = f**2 - 11. Give d(-7).
38
Let j(c) = c**3 - 22*c**2 + 36*c - 789. Calculate j(22).
3
Let s(i) = -i**2 - i + 67. Determine s(0).
67
Let d(v) = -5*v + 10. Give d(-3).
25
Let p(z) = 19*z - 176. Calculate p(9).
-5
Let b(m) = 2*m + 15. Determine b(-37).
-59
Let q(g) = -g**3 - 7*g**2 - 10*g - 8. Give q(-4).
-16
Let v(h) = -15*h**2 + 3*h + 2. Calculate v(-1).
-16
Let a(o) = -14*o - 350. Calculate a(-25).
0
Let l(o) = 3*o - 57. Give l(18).
-3
Let y(w) = w**3 + 10*w**2 - 2*w - 28. Calculate y(-10).
-8
Let o(d) = d**2 - 8*d - 76. Give o(14).
8
Let v(y) = -y**2 + 7*y + 230. What is v(-12)?
2
Let c(k) = k**3 + 8*k**2 - 12*k - 19. Determine c(-9).
8
Let v(i) = 6*i + 21. Give v(-4).
-3
Let b(c) = -c**2 - 33*c - 43. Determine b(-32).
-11
Let w(i) = -i + 18. Give w(10).
8
Let d(n) = -3*n + 64. Calculate d(25).
-11
Let b(r) = -r**3 - r**2 + 3*r - 2. Determine b(2).
-8
Let a(w) = 9*w - 1. Give a(3).
26
Let z(y) = -y**2 - 9*y. Determine z(-10).
-10
Let f(v) = v**3 - 25*v + 4. Give f(5).
4
Let o(v) = v**2 - 5*v - 17. Determine o(8).
7
Let c(q) = -5*q - 29. Give c(-7).
6
Let w(s) = -s**3 - 2*s + 97. Determine w(0).
97
Let p(m) = -m**3 + 13*m**2 - m + 18. Give p(13).
5
Let h(a) = -a - 3. Calculate h(-3).
0
Let v(m) = -m**3 + 11*m**2 - 6*m - 18. What is v(10)?
22
Let n(b) = 3*b**2 - 4*b + 1. Determine n(4).
33
Let c(t) = -75*t - 77. Give c(-1).
-2
Let i(q) = 3*q**2 - 23*q + 44. Give i(5).
4
Let c(r) = -3*r**2 + r. Calculate c(-2).
-14
Let t(w) = -2*w**3 - 29*w**2 + 17*w + 49. Give t(-15).
19
Let a(v) = -v**3 - 17*v**2 + 17*v - 18. Determine a(-18).
0
Let q(b) = 3*b**2 + 21*b + 13. Calculate q(-11).
145
Let f(i) = 6*i - 2. What is f(-3)?
-20
Let x(q) = q**3 + 3*q**2 + 7*q + 10. Determine x(-4).
-34
Let n(c) = -c**2 - 3*c + 2. Calculate n(-7).
-26
Let q(w) = -5*w - 9. Give q(-6).
21
Let b(d) = d**2 + 9*d + 12. Determine b(-8).
4
Let k(m) = -m**3 + 3*m**2 + 2*m + 3. What is k(5)?
-37
Let f(b) = -80*b + 73. What is f(1)?
-7
Let k(c) = c**3 - 7*c**2 + 8*c + 5. Determine k(6).
17
Let f(k) = -7*k**3 + 4*k**2 + 6*k + 4. What is f(-1)?
9
Let j(a) = -a**3 + 10*a**2 - 9*a + 52. What is j(10)?
-38
Let r(v) = -2*v**2 - 33*v - 15. What is r(-16)?
1
Let q(l) = l**2 - 25*l - 18. Calculate q(26).
8
Let l(o) = -2*o + 28. Determine l(17).
-6
Let s(f) = -f**2 - 10*f - 12. Determine s(-9).
-3
Let p(k) = k**2 + 61*k + 6. What is p(-61)?
6
Let g(n) = n**3 + 24*n**2 - 22*n + 18. Calculate g(-25).
-57
Let t(d) = -d**3 + 17*d**2 + 36*d + 43. Calculate t(19).
5
Let y(u) = -u**3 - u**2 + 9. What is y(0)?
9
Let s(j) = -j**2 - j + 4. Calculate s(4).
-16
Let v(h) = -14*h + 3. Determine v(-2).
31
Let h(f) = -f**3 - 7*f**2 + 7*f - 7. What is h(-8)?
1
Let p(f) = -f**3 - 5*f**2 + 3*f + 9. Give p(-5).
-6
Let u(s) = 6*s - 1. Calculate u(-6).
-37
Let q(d) = d**2 + 10*d. What is q(-10)?
0
Let s(w) = w**3 + 9*w**2 + 15*w + 35. What is s(-8)?
-21
Let s(a) = a**2 - 4*a + 5. What is s(6)?
17
Let d(h) = h**3 - 7*h**2 + 4*h - 21. Determine d(6).
-33
Let k(p) = 12*p + 19. What is k(-5)?
-41
Let n(w) = -w**3 + w**2 + 7*w + 9. Calculate n(-3).
24
Let w(d) = d**2 + 26*d - 66. Give w(-28).
-10
Let u(p) = -3*p**3 - p - 2. Determine u(-1).
2
Let u(d) = -d**3 - 11*d**2 - 4*d. Give u(-11).
44
Let g(h) = -2*h**3 + 37*h**2 - 22*h + 20. What is g(18)?
-52
Let k(j) = j**3 - 8*j**2 + 5*j - 10. Calculate k(7).
-24
Let m(h) = -10*h - 342. What is m(-34)?
-2
Let c(l) = -6*l - 28. Calculate c(-3).
-10
Let a(k) = -k**2 + k - 20. Give a(0).
-20
Let w(r) = -2*r**2 - 21*r + 1. Give w(-9).
28
Let k(u) = -5*u**2 - 4*u - 3. Determine k(-2).
-15
Let d(j) = 2*j**3 + 4*j**2 - 3*j + 1. Give d(-4).
-51
Let t(l) = 6*l + 3. Determine t(-6).
-33
Let s(j) = j**2 - 16*j + 6. Determine s(16).
6
Let a(l) = l**3 + 11*l**2 + 9*l + 5. Determine a(-10).
15
Let w(c) = c**3 - 21*c**2 + 3*c - 52. Calculate w(21).
11
Let l(w) = -2*w**2 - 43*w - 47. Give l(-20).
13
Let u(i) = -21*i + 18. Give u(2).
-24
Let h(n) = 29*n**3 - 2*n**2 + 1. Give h(1).
28
Let b(f) = f - 4. What is b(-14)?
-18
Let h(i) = i - 11. Give h(11).
0
Let y(x) = -x + 29. What is y(19)?
10
Let n(z) = z**3 + 7*z**2 - z + 4. What is n(-7)?
11
Let i(s) = s**3 + 8*s**2 + 7*s. Calculate i(-7).
0
Let p(d) = -d**2 + 10*d - 16. Calculate p(4).
8
Let p(l) = -l + 5. What is p(-5)?
10
Let i(c) = -c**2 - 18*c - 8. What is i(-17)?
9
Let i(d) = d**2 - 18*d + 39. Determine i(3).
-6
Let i(u) = 5*u - 212. Give i(35).
-37
Let t(j) = -2*j**2 + 11*j + 3. What is t(6)?
-3
Let o(s) = s**2 - 7*s - 7. Determine o(5).
-17
Let b(i) = -4*i**2 + 4*i + 8. What is b(4)?
-40
Let o(q) = -q**3 + 9*q**2 - 8*q + 19. What is o(7)?
61
Let u(g) = -g**2 - 18*g + 13. Calculate u(-7).
90
Let h(f) = -f + 22. Calculate h(7).
15
Let s(x) = -x**3 - 8*x**2 - x - 17. What is s(-8)?
-9
Let r(g) = -g**3 - 15*g**2 - 27*g - 7. Give r(-13).
6
Let v(f) = -f**3 - 7*f**2 + 45*f + 9. Give v(-11).
-2
Let i(n) = 13*n + 49. Give i(-4).
-3
Let j(i) = 24*i - 3. Give j(2).
45
Let h(p) = -p**3 + 6*p**2 + p - 10. What is h(6)?
-4
Let r(i) = i**2 + 54*i + 637. Determine r(-18).
-11
Let v(y) = y**2 + 6*y + 3. Determine v(-4).
-5
Let h(l) = -l**3 - 9*l**2 - 12*l + 32. Determine h(-8).
64
Let b(h) = -26*h**2 - h - 1. Giv